 is the units digit of v?
2
Let h = 7 + -13. Let x be (1 - -5)*(-8)/h. What is the units digit of (-2)/x - (-63)/12?
5
Let g be 3/6*(1 - 1). Let q = 13 + -9. Let k = q + g. What is the units digit of k?
4
Let d(u) = -14*u - 76. What is the tens digit of d(-12)?
9
Let u = -153 + 426. What is the hundreds digit of u?
2
What is the units digit of (-12)/78 + 1/((-26)/(-524))?
0
Let z(q) = -16*q**3 + q**2 + 2 + 4*q - 6*q**2 + q**2 + 15*q**3. Suppose -2*u = 1 + 9. What is the units digit of z(u)?
7
Let x(l) = -3*l + 2. Let i(a) = -4*a + 2. Let u(y) = -2*i(y) + 3*x(y). Let b = -23 + 14. What is the units digit of u(b)?
1
Let f = 1 + 2. Suppose -2*d + 11 = 3*s - 31, -4*d + 48 = -f*s. What is the tens digit of d?
1
Suppose -2*h + 5*h = 24. What is the units digit of h?
8
Suppose -4*p + 4 = -4. Suppose 0 = -3*c + 2*h - h + 9, p*h = -3*c. Suppose c*a = -3*s - a, 3*s - 2*a = 25. What is the units digit of s?
5
Suppose -2*l = l + 6. Let a be l/1*5/(-2). Suppose 6*c + a*h + 5 = c, 0 = 5*h + 10. What is the units digit of c?
1
Let b(d) = d + 1. Let m(g) = 7 - 2 + 5*g + 0. Let n(k) = 11*b(k) - 2*m(k). What is the units digit of n(8)?
9
Suppose -4*i - 4 = 4. What is the units digit of 3/i*4/(-3)?
2
Let g(n) = -n**3 - 2*n**2 + 3*n + 2. Let o be g(-3). Suppose -o*i + 13 = 1. What is the units digit of i?
6
Suppose -5*d + 12 = -8. Let s(f) = f + 1. What is the units digit of s(d)?
5
Let t be 1 + (-3 - -2)*-21. Let p = -7 + t. What is the units digit of p?
5
Let v(o) = -o - 1. Let m be v(-4). Let z = m - -9. What is the units digit of z?
2
Suppose -5*z + 19 + 6 = 0. Suppose 30 = x + 3*v, 24 = z*v - 1. What is the tens digit of x?
1
Let f be 7/((-7)/(-8)) - -1. Suppose 5*j + 2*k - 19 = 0, -2*k + f = 3*j - 0*k. What is the units digit of j?
5
Let w be 12/(-27)*(-36)/8. Suppose 2*o = -w*d + 36, -4*d + 2*o + 107 = -o. What is the units digit of d?
3
Let o be 1 - -1 - -2 - -1. Let s(r) = r - 8. Let u be s(o). Let k(x) = 2*x**2 + x - 2. What is the tens digit of k(u)?
1
Suppose 34 = -s + 55. What is the tens digit of s?
2
Suppose 2*f - 3*g - 16 = 0, 5*f - 2*f - 5*g - 25 = 0. What is the units digit of f?
5
Let k(f) = 6*f - 3. What is the tens digit of k(9)?
5
Let p = 107 - 53. What is the units digit of p?
4
Let h(m) = 6*m**3 + 0 - 4*m**3 - 4 - m**3 + 5*m - 4*m**2. Let s be h(3). What is the units digit of -8*(2 + (-8)/s)?
6
Let i(g) = 4 - 14*g + 1 - 4 - g**2. What is the tens digit of i(-13)?
1
Suppose -1 + 5 = -2*s. Let y(k) = 4*k**2 + 3*k + 3. What is the tens digit of y(s)?
1
Let f be 0 + (2 - 1) + 4. Suppose f*d + 2*w + 3*w - 30 = 0, 0 = 3*d + w - 12. Let i = 5 - d. What is the units digit of i?
2
Let u(s) = -s**2 + 3*s + 4. Let f(y) = -2*y**2 + 6*y + 8. Let o(z) = -4*f(z) + 7*u(z). Let h be o(4). Let w = h - -7. What is the units digit of w?
7
Let z(v) = v**2 + v. Let j(w) = 3*w**2 + 3*w - 1. Let m(h) = 2*j(h) - 5*z(h). What is the units digit of m(-5)?
8
Let p = -65 + 45. Let c be 12/(-2)*p/(-15). Let b = 11 + c. What is the units digit of b?
3
What is the units digit of 177/(0 + (-18)/(-30))?
5
Let b = 276 - 142. What is the units digit of b?
4
Let q be 1 + -1*(-1 - -2). Suppose q = -0*f - 4*f + 8. Suppose 3*l - 1 = f*l. What is the units digit of l?
1
Let m = 462 + -237. What is the tens digit of m?
2
Suppose r = -5*t + 4*r + 16, 0 = 4*t + 4*r. Suppose 3*q + t*q - 95 = 0. What is the units digit of q?
9
Suppose q + 35 = i, q + 31 = i - q. Let n = i - 21. What is the tens digit of n?
1
What is the units digit of (-45)/30*((-597)/9 - -1)?
8
Let x(h) be the third derivative of -h**4/24 - 7*h**3/6 + 7*h**2. What is the units digit of x(-12)?
5
Let y(m) = 8*m + 15. What is the hundreds digit of y(15)?
1
What is the tens digit of (-2)/((-2)/(-150)*-2)?
7
Suppose -5*j + 10 = -0. Suppose -j*l + 10 - 2 = 0. What is the units digit of l?
4
What is the units digit of (3/((-24)/(-4)))/(2/20)?
5
Let m(v) = -v**3 - 6*v**2 + 6*v + 17. What is the units digit of m(-7)?
4
Suppose -4*p = 2*s - 3*p + 1, 5*s = p + 8. Let v be (3/4)/(s/(-16)). Let a = -7 - v. What is the units digit of a?
5
Let x = -43 + 31. Let z be x/8*4/(-3). Suppose w + 2*k - 18 = -2*w, z*k = -2*w + 14. What is the units digit of w?
4
Suppose -3*s + 25 = i, 6 = s - 2*i + 7. What is the units digit of s?
7
Let v(c) = -c + 1. Let l(p) = 9*p - 5. Let x(q) = -l(q) - 6*v(q). Suppose 0 = 2*y + 11 - 3. What is the units digit of x(y)?
1
Suppose 2*y = -5*m - 0*y + 26, 5*m + 3*y - 29 = 0. Suppose -m*n = -20, -5*n = -q - 3*n. What is the tens digit of q?
1
Suppose -b + 2*v - 2 = -3*b, -4*v - 8 = -2*b. Suppose -5*t + 2*k = -130, -4*t - b*k - 34 + 120 = 0. Let h = t - 17. What is the units digit of h?
7
Let a = 22 - 4. What is the units digit of a?
8
Suppose 0 = 2*k + k - 12. Suppose k*r - 4*s + 12 = 0, -2*r + 9 = 2*s + 3. Suppose -4*d + 15 + 13 = r. What is the units digit of d?
7
Let m(y) = y**2 - 4*y + 1. Suppose 3*a - 1 = 2. Let n be ((-7)/(-1) - a) + -1. What is the units digit of m(n)?
6
Suppose 4*p + 3*l - 66 = 9, l - 1 = 0. What is the units digit of p?
8
Suppose -4*p + 21 = -p. Suppose h = 3*g - 14, h + h + p = -g. What is the units digit of 2/h - (-27)/5?
5
What is the hundreds digit of ((-4)/((-24)/470))/((-1)/(-3))?
2
Suppose 0 = -4*t - t. Suppose 0*f + f - 4 = t. What is the units digit of 34/f + 3/(-6)?
8
Suppose -2*r + 12 = n, -5*n - 2*r + 16 = -3*r. Suppose 2*a - 8 = -5*j - 2*a, 0 = -4*j - n*a + 8. Suppose 2*y + 0 - 8 = j. What is the units digit of y?
4
Let h(a) = 2 + 5*a**2 - 2*a**2 + 0*a - 3 - 4*a. What is the units digit of h(3)?
4
Suppose -5*p + 2*p = 5*a - 173, -3*p - 86 = -2*a. What is the units digit of a?
7
Let z = -156 + 275. What is the tens digit of z?
1
Let t(j) = j + 14. Suppose -5*k = -7 + 42. What is the units digit of t(k)?
7
Suppose -8 = -m - 3*i, 7 = m + 5*i - 1. What is the tens digit of m/(-3)*(-27)/4?
1
Let r = -8 - -9. What is the units digit of 14/4 - r/2?
3
Let i = -19 + 28. Let a be (-7)/(12/i - 1). Let x = -14 - a. What is the units digit of x?
7
Suppose 1398 = 5*o - 627. What is the units digit of o?
5
Suppose 0 = l + l - 2*k - 394, 15 = -5*k. What is the units digit of 1/(-4) - l/(-8)?
4
Let h(g) = -4*g + 36. What is the units digit of h(-16)?
0
Suppose -5*u - j = -850, 0 = -3*u - 7*j + 9*j + 510. What is the units digit of u?
0
Let o(u) = u**3 + 3*u**2 - 4*u + 1. Let z be o(-4). Let k = 7 + z. Let c = k + -5. What is the units digit of c?
3
Let i(k) = -4*k**3 - k**2 + k + 1. Let s be i(-1). Suppose -f = -s*f - 384. What is the units digit of f/(-18) + (-2)/3?
0
Suppose 44 = i + 3. What is the units digit of i?
1
Let r = 9 + -8. What is the tens digit of r - (26 - 0)/(-2)?
1
Let t(l) = 65*l**2. What is the units digit of t(-2)?
0
Let z = -5 - -7. Suppose -z*h = 3*h - 5. What is the units digit of h?
1
Let a be 378/(-49) - 4/14. What is the tens digit of (a - 2)*54/(-12)?
4
Let w = -146 + -79. What is the units digit of w/(-33) + 6/33?
7
Let f(v) = -2*v + 1. Let w(r) = 6*r - 2. Suppose 5*x = -5*i - 75, -x + 1 = 5. Let s(d) = i*f(d) - 4*w(d). What is the units digit of s(-3)?
3
Suppose 3*b = -3*n + 6, n + 3*n = -3*b + 9. Let u be (n/(-6))/((-3)/126). Suppose 0 = q + 2*q - u. What is the units digit of q?
7
Suppose -11*s + 4573 - 712 = 0. What is the hundreds digit of s?
3
Suppose 4*y - 31 = -n + 57, 88 = n - 4*y. What is the units digit of n?
8
Let k(h) = h**3 + 3*h**2 - 4*h - 10. What is the units digit of k(-3)?
2
Suppose -5 - 7 = -3*u. Suppose -g = -j + 30, -4*j + 3*g + 154 = j. Suppose -f + 37 = r + 2*r, 3*f + j = u*r. What is the tens digit of r?
1
Let o = 108 - 63. Suppose 15 = 5*k - o. What is the tens digit of k?
1
Let k be 8/5 - (-2)/5. Let n(s) = -s + 2. Let o be n(k). Let x = o - -2. What is the units digit of x?
2
Suppose -5*p + 14 = 2*r, -r - 1 = -3. Suppose p*t - 60 = -0*t. What is the units digit of t?
0
What is the units digit of (572/33)/(0 + (-3)/(-9))?
2
Let h be (-8)/(-2)*(-1)/(-2). Let i be 3/3*(4 - h). Suppose i*l - 6*l = -40. What is the units digit of l?
0
Suppose 4*i = -i - 30. Let k = -5 - i. What is the units digit of k?
1
Let t(b) = -b**3 + 14*b**2 + 31*b + 7. What is the tens digit of t(15)?
4
Let z be 2/(-10) + 11/5. Let f = 4 - z. What is the units digit of f?
2
Let w(p) = -p**3 + 4*p**2 + 5*p. Let a be w(5). Let j = -60 + 87. Suppose -3*i - 2*z